{"id":11693,"date":"2024-03-08T16:43:01","date_gmt":"2024-03-08T15:43:01","guid":{"rendered":"http:\/\/acpc.com.co\/?post_type=product&#038;p=11693"},"modified":"2024-03-08T17:10:45","modified_gmt":"2024-03-08T16:10:45","slug":"tarifa-adicional-por-cada-pagina-extra-una-pagina-de-caracteres-extra","status":"publish","type":"product","link":"https:\/\/acpc.com.co\/index.php\/product\/tarifa-adicional-por-cada-pagina-extra-una-pagina-de-caracteres-extra\/","title":{"rendered":"Tarifa adicional por cada p\u00e1gina extra\/ una p\u00e1gina de caracteres extra**"},"content":{"rendered":"<p>Cuando se exceda el n\u00famero m\u00e1ximo de p\u00e1ginas del art\u00edculo (solo en Tirant y Atlantis Press)<\/p>\n","protected":false},"excerpt":{"rendered":"<p>Cuando se exceda el n\u00famero m\u00e1ximo de p\u00e1ginas del art\u00edculo (solo en Tirant y Atlantis Press)<\/p>\n","protected":false},"featured_media":11675,"template":"","meta":{"inline_featured_image":false},"product_cat":[21],"product_tag":[],"acf":[],"_links":{"self":[{"href":"https:\/\/acpc.com.co\/index.php\/wp-json\/wp\/v2\/product\/11693"}],"collection":[{"href":"https:\/\/acpc.com.co\/index.php\/wp-json\/wp\/v2\/product"}],"about":[{"href":"https:\/\/acpc.com.co\/index.php\/wp-json\/wp\/v2\/types\/product"}],"wp:featuredmedia":[{"embeddable":true,"href":"https:\/\/acpc.com.co\/index.php\/wp-json\/wp\/v2\/media\/11675"}],"wp:attachment":[{"href":"https:\/\/acpc.com.co\/index.php\/wp-json\/wp\/v2\/media?parent=11693"}],"wp:term":[{"taxonomy":"product_cat","embeddable":true,"href":"https:\/\/acpc.com.co\/index.php\/wp-json\/wp\/v2\/product_cat?post=11693"},{"taxonomy":"product_tag","embeddable":true,"href":"https:\/\/acpc.com.co\/index.php\/wp-json\/wp\/v2\/product_tag?post=11693"}],"curies":[{"name":"wp","href":"https:\/\/api.w.org\/{rel}","templated":true}]}}